ve d(-25).
-53
Let j(b) = 2*b**2 - 65*b - 2404. What is j(-22)?
-6
Let u(l) = -2287*l - 295037. Give u(-129).
-14
Let b(i) = 5550*i + 926866. Calculate b(-167).
16
Let h(s) = s**3 - 55*s**2 - 264*s - 15127. What is h(63)?
-7
Let v(o) = -214*o - 105517. Calculate v(-493).
-15
Let l(w) = -w**3 + 16*w**2 + 3*w - 27. Determine l(10).
603
Let a(k) = 742*k - 21204. Calculate a(28).
-428
Let f(g) = -118*g + 572. Give f(4).
100
Let t(r) = 154*r + 9270. Give t(-63).
-432
Let f(u) = u**3 - 161*u**2 + 175*u - 2270. Give f(160).
130
Let j(v) = -v**3 - 54*v**2 - 361*v + 51. What is j(-8)?
-5
Let i(u) = 459*u + 4642. What is i(-10)?
52
Let z(v) = -3*v**3 - 52*v**2 - 225*v - 214. What is z(-11)?
-38
Let r(d) = 138*d**2 - 3583*d - 157. Give r(26).
-27
Let a(g) = -342309*g - 684625. Calculate a(-2).
-7
Let o(s) = 907*s**3 - 3*s**2 - 18*s + 21. Give o(1).
907
Let i(n) = 144*n + 1377. Determine i(-6).
513
Let y(n) = 2*n**3 + 43*n**2 - 3*n + 50. Give y(-20).
1310
Let o(c) = c**3 - 17*c**2 - 8303*c - 248. Calculate o(-83).
1
Let g(n) = 234*n**2 + 1754*n + 813. Calculate g(-7).
1
Let b(k) = -15873*k + 349742. What is b(22)?
536
Let d(l) = 20*l**2 + 11184*l - 113832. Determine d(10).
8
Let p(m) = -m**3 + 15*m**2 + 1713*m + 1587. Calculate p(-34).
-11
Let j(u) = -u**2 + 3327*u + 3570569. Give j(-854).
-5
Let m(v) = 6*v**2 - 707*v + 1171. Calculate m(119).
2004
Let z(t) = -196*t**2 + 396*t + 21. Determine z(2).
29
Let d(w) = 78*w + 21779. Give d(-279).
17
Let j(d) = 3*d**3 + 4*d**2 + d - 16. Give j(5).
464
Let k(b) = -6*b**3 - 42*b**2 + 82. Determine k(-7).
82
Let i(u) = -8830*u + 26460. Give i(3).
-30
Let a(r) = 18*r**2 - 253*r - 837. Give a(-3).
84
Let m(s) = 3*s**2 + 445*s - 11307. Give m(-170).
-257
Let z(i) = 2900*i + 249418. Determine z(-86).
18
Let v(n) = 68*n**2 + 52407*n + 36189. Determine v(-770).
-1
Let d(m) = 578*m**2 - 5203*m - 245. Give d(9).
-254
Let g(n) = 61*n**3 - 795*n**2 - 50*n + 404. Calculate g(13).
-584
Let o(w) = w**3 - 234*w**2 - 1037*w + 19508. Determine o(238).
-722
Let o(m) = 2712*m - 2787. What is o(1)?
-75
Let i(g) = -1081598*g + 6489583. Give i(6).
-5
Let f(u) = 799*u - 17498. Give f(22).
80
Let r(f) = f**2 - 3691*f - 89192. Calculate r(-24).
-32
Let r(d) = -d**3 - 34*d**2 - 67*d - 132. Give r(-32).
-36
Let g(v) = 2*v**3 + 1585*v**2 - 3841*v + 106532. Calculate g(-795).
2
Let u(q) = 933686*q + 8403161. Give u(-9).
-13
Let f(j) = -2*j**2 + 272*j - 1304. What is f(132)?
-248
Let s(x) = 244*x + 13718. What is s(-56)?
54
Let r(p) = p**2 + 87*p - 120362. What is r(306)?
-104
Let z(w) = -w**3 - 197*w**2 + 2959*w + 1231. What is z(-211)?
176
Let g(q) = 3428*q + 72005. Calculate g(-21).
17
Let w(g) = -1871*g + 1094540. Calculate w(585).
5
Let c(t) = -48883*t - 879896. What is c(-18)?
-2
Let v(q) = 5*q**2 + 161*q + 90. Calculate v(-17).
-1202
Let v(p) = 5*p**2 - 166*p - 1727. Calculate v(-8).
-79
Let c(y) = -2*y**3 + 38*y**2 - 121*y + 1758. Give c(19).
-541
Let d(b) = b**3 - 1543*b**2 + 57187*b + 113. Give d(38).
-1
Let d(b) = -15*b**3 + 214*b**2 - 75*b + 254. Calculate d(14).
-12
Let a(c) = -119*c + 10604. What is a(98)?
-1058
Let l(i) = -337*i - 19757. Give l(-59).
126
Let n(f) = 13*f**3 + 7*f**2 - 23*f + 26. Give n(4).
878
Let u(y) = -91883*y + 459429. What is u(5)?
14
Let t(z) = -279*z + 20385. Determine t(74).
-261
Let c(l) = -2540*l + 253986. Calculate c(100).
-14
Let n(z) = -2*z**3 + 167*z**2 - 265*z + 1184. Calculate n(82).
-374
Let h(c) = c**3 - 3*c**2 - 127*c - 439. Calculate h(-9).
-268
Let d(h) = h**2 - 177*h - 6620. Calculate d(-29).
-646
Let r(l) = -2*l**3 + 41*l**2 + 93*l - 1508. Calculate r(21).
4
Let a(f) = -2*f**3 + 9*f**2 + 457*f - 2744. Calculate a(6).
-110
Let z(l) = l**2 + 331*l - 19955. Give z(52).
-39
Let u(s) = -10333*s - 434184. Give u(-42).
-198
Let m(h) = 97*h - 12979. What is m(134)?
19
Let o(i) = -8*i**2 + 173*i - 77. Give o(-8).
-1973
Let m(f) = 19*f**3 + 3*f**2 + 9*f - 3. Give m(-3).
-516
Let n(z) = -2668647*z + 2668639. Determine n(1).
-8
Let u(b) = -2*b**3 - 89*b**2 - 442*b - 497. Determine u(-39).
10
Let z(u) = -u**3 + 72*u**2 - 813*u + 64. Give z(58).
6
Let c(d) = 36262*d + 253844. Calculate c(-7).
10
Let x(h) = -2*h**3 + 148*h**2 + 2*h - 138. Determine x(74).
10
Let i(n) = -81*n - 7088. Give i(-75).
-1013
Let u(l) = -l**3 - 9*l**2 - 1542*l - 15518. Calculate u(-10).
2
Let m(z) = 47*z**2 + 401*z + 4896. Determine m(-12).
6852
Let z(m) = -6*m**2 + 5976*m - 794420. Calculate z(838).
4
Let p(f) = -26*f**3 - 309*f**2 - 58*f - 497. Calculate p(-12).
631
Let w(b) = -b**3 - 3*b**2 + 2368*b + 935. Determine w(-50).
35
Let v(c) = 212*c - 1992. Give v(4).
-1144
Let m(w) = 651*w + 14757. Determine m(-23).
-216
Let v(p) = 3*p**3 - 258*p**2 - 286*p - 291. Give v(87).
-2466
Let w(b) = b**2 + 493*b + 4315. Give w(-9).
-41
Let l(g) = -g**3 + 35*g**2 + 151*g - 9377. Determine l(29).
48
Let w(v) = 9*v**2 - 692*v + 4815. Calculate w(7).
412
Let s(i) = 9*i**2 + 23*i - 426. Give s(10).
704
Let v(h) = 12*h**2 + 134*h - 839. What is v(-13)?
-553
Let s(r) = -177076*r - 12395329. Give s(-70).
-9
Let n(g) = 289*g**2 - 9*g - 40. Give n(-3).
2588
Let i(j) = 10*j**2 + 61*j + 86. What is i(-2)?
4
Let v(a) = -4*a**3 - 263*a**2 - 1453*a - 78. Calculate v(-6).
36
Let g(c) = 65*c - 3861. What is g(-54)?
-7371
Let d(l) = -l**3 + 38*l**2 + 385*l - 13621. Determine d(38).
1009
Let d(l) = 17*l**2 + 133*l + 247. What is d(-10)?
617
Let c(o) = -3663*o - 7428557. What is c(-2028)?
7
Let i(j) = -3*j**2 - 171*j - 2106. Determine i(-38).
60
Let s(r) = -891*r - 17018. What is s(-22)?
2584
Let i(d) = 2*d**2 - 946*d - 51157. Calculate i(-49).
-1
Let a(c) = 400*c**2 - 1139*c - 55. Determine a(3).
128
Let z(q) = -3*q**3 + 2*q**2 + 88*q + 40. Give z(8).
-664
Let y(o) = -83271*o - 2498131. What is y(-30)?
-1
Let o(v) = 854*v - 66940. Calculate o(78).
-328
Let o(g) = g**3 - 20*g**2 - 1079*g - 7596. Give o(-17).
54
Let b(k) = 5513*k + 33012. What is b(-6)?
-66
Let p(m) = 3*m**3 + 260*m**2 - 134*m + 684. Calculate p(-87).
4773
Let q(i) = -3*i**3 - 256*i**2 + 4752*i + 400. What is q(-101)?
-105
Let g(w) = 5*w**2 + 104*w - 290. Calculate g(-29).
899
Let p(n) = -2*n**3 - 86*n**2 - 738*n - 1053. What is p(-32)?
35
Let j(d) = d**3 - 72*d**2 - 177*d + 7591. Calculate j(73).
-1
Let x(f) = f**3 - 63*f**2 - 246*f + 47549. Determine x(43).
-9
Let z(m) = -m**2 - 14126*m + 268767. What is z(19)?
12
Let k(g) = g**3 + 44*g**2 - 52*g + 1107. Calculate k(-45).
1422
Let w(z) = -10404*z - 72833. Give w(-7).
-5
Let f(g) = 8*g**2 + 354*g + 3812. Calculate f(-18).
32
Let f(y) = -7703*y - 2526572. What is f(-328)?
12
Let p(g) = -g**3 - 409*g**2 - 29387*g + 274. What is p(-316)?
-42
Let x(l) = 7*l**2 - 415*l + 4114. Determine x(45).
-386
Let h(g) = -4*g**2 + 17*g + 28. Calculate h(18).
-962
Let f(x) = 6*x**2 - 1871*x + 11001. Calculate f(6).
-9
Let c(y) = 43*y**2 - 354*y - 140. Give c(8).
-220
Let q(l) = -2*l**3 + 1751*l**2 + 5996*l + 137997. What is q(879)?
-6
Let j(h) = h**3 - 72*h**2 - 536*h + 28608. Calculate j(74).
-104
Let u(p) = -25*p**2 + 4222*p - 32171. What is u(8)?
5
Let m(p) = 8*p**2 + 4058*p - 246153. Give m(-562).
3
Let a(v) = -2688*v + 580617. Give a(216).
9
Let b(k) = -9*k**3 + 205*k**2 - 27*k + 245. Determine b(23).
-1434
Let v(z) = 2*z**3 - 11*z**2 - 249*z + 2560. Give v(16).
3952
Let m(s) = 753*s + 365957. Give m(-486).
-1
Let b(d) = 3*d**2 + 1229*d - 23401. Give b(-428).
139
Let w(d) = -11206*d + 29889. What is w(3)?
-3729
Let n(y) = -458*y - 16088. Determine n(-35).
-58
Let i(u) = 748*u**2 - 5124*u - 790. Calculate i(7).
-6
Let z(q) = -27*q**2 + 7571*q - 3073. What is z(280)?
7
Let q(o) = 4*o**2 + 3871*o - 74992. Calculate q(19).
1
Let f(y) = 218123*y - 654369. What is f(3)?
0
Let r(n) = -1558*n - 836657. What is r(-537)?
-11
Let w(l) = 62*l**2 - 48240*l + 3099. Give w(778).
-13
Let h(r) = -r**3 - 33*r**2 - 14*r + 19. Determine h(-7).
-1157
Let b(x) = -1322*x - 2718. Determine b(-2).
-74
Let y(h) = -7847*h - 7935. Give y(-1).
-88
Let s(u) = -u**2 + 1124*u - 97757. Give s(95).
-2
Let y(l) = -2*l**2 + 78*l + 25972. What is y(132)?
1420
Let h(r) = -2*r**3 - 65*r**2 + 139*r + 87. What is h(-34)?
-1171
Let y(z) = 7487*z - 23919. Give y(3).
-1458
Let g(v) = -v**3 - 31*v**2 - 170*v + 37. Calculate g(-24).
85
Let f(b) = 14794*b - 88769. Calculate f(6).
-5
Let y(v) = v*